{"id":10376,"date":"2022-12-19T22:07:47","date_gmt":"2022-12-19T21:07:47","guid":{"rendered":"https:\/\/marito.pl\/?page_id=10376"},"modified":"2023-01-30T22:38:30","modified_gmt":"2023-01-30T21:38:30","slug":"fuer-architekten","status":"publish","type":"page","link":"https:\/\/marito.pl\/de\/fuer-architekten\/","title":{"rendered":"F\u00fcr Architekten"},"content":{"rendered":"<div class=\"wpb-content-wrapper\"><p>[vc_row][vc_column][vc_column_text]<\/p>\n<h6><span style=\"color: #000000;\">Die Zusammenarbeit mit Architekten, Inneneinrichtern und Designb\u00fcros ist eine der wichtigsten Bestandteile unseres Angebots. Wir sind uns bewusst, dass man nur gemeinsam in der Zusammenarbeit mit ausgew\u00e4hlten, professionellen Partnern erfolgreich sein und die Zufriedenheit unserer Kunden gewinnen kann.<\/span><\/h6>\n<p>&nbsp;<\/p>\n<h6><strong><span style=\"color: #000000;\">Was bieten wir?<\/span><\/strong><\/h6>\n<h6 style=\"padding-left: 40px;\"><span style=\"color: #000000;\">\u25cf Unseren Partnern stellen wir Materialmuster und Verarbeitungsmuster bereit. Dies vereinfacht die Durchf\u00fchrung des Projekts sowie die Dekoration zuhause bzw. in der Firma nach Kundenwunsch. Die Proben erm\u00f6glichen eine einfachere Auswahl der \u00fcbrigen Dekoelemente \u2013 die Proben sind zudem hilfreich bei Kundenmeetings.<\/span><\/h6>\n<h6 style=\"padding-left: 40px;\"><span style=\"color: #000000;\">\u25cf Wir unterst\u00fctzen bei der Ausarbeitung von Projekten \u2013 wir besitzen 15 Jahre Branchenerfahrung, die wir unseren Partnern zur Verf\u00fcgung stellen! Wir beraten und bieten gepr\u00fcfte L\u00f6sungen an!<\/span><\/h6>\n<h6 style=\"padding-left: 40px;\"><span style=\"color: #000000;\">\u25cf Wir garantieren kurzfristige Durchf\u00fchrungen. Details vereinbaren wir individuell, nachdem wir uns mit dem gesamten Projekt vertraut gemacht haben. Wir halten die im Vertrag angegebenen Fristen stets ein. Dank der Zusammenarbeit mit uns kannst du deshalb sicher sein, dass deine Kunden ihr Haus bzw. B\u00fcro termingerecht einrichten werden.<\/span><\/h6>\n<h6 style=\"padding-left: 40px;\"><span style=\"color: #000000;\">\u25cf Wir bilden uns kontinuierlich weiter, daher kannst du deinen Kunden innovative L\u00f6sungen anbieten, die deine Konkurrenz auf der Strecke lassen. Gerne schaffen wir f\u00fcr dich M\u00f6bel und moderne Inneneinrichtung, die nirgendwo sonst erh\u00e4ltlich sind! Wir setzen der Kreativit\u00e4t unserer Partner keine Grenzen \u2013 wir stimmen uns auf deine Kreativit\u00e4t ein.<\/span><\/h6>\n<h6 style=\"padding-left: 40px;\"><span style=\"color: #000000;\">\u25cf Wir bieten eine umfassende Projektumsetzung. Bei uns gibt es keine Unterauftragnehmer, weder bei Polsterm\u00f6beln noch bei Elementen aus Stahl, Glas, Beton oder Stein. Du profitierst an der Zusammenarbeit mit nur einem Unternehmen (Marito) \u2013 dadurch sparst du dir viel Zeit und Geld! Zudem kannst du der Qualit\u00e4t der gelieferten Elemente sicher sein.<\/span><\/h6>\n<h6 style=\"padding-left: 40px;\"><span style=\"color: #000000;\">\u25cf Wir verarbeiten nur qualitativ hochwertige Materialien, f\u00fcr die wir garantieren k\u00f6nnen. Wir verwenden zertifizierte Lacke (die f\u00fcr Kinder geeignet sind) und basieren auf den Systemen von Blum, Peka, Hettich und den Platten von Egger. Alles das f\u00fchrt dazu, dass wir M\u00f6bel anbieten k\u00f6nnen, die \u00fcber Jahre funktional bleiben und ihre Sch\u00f6nheit beibehalten.<\/span><\/h6>\n<h6 style=\"padding-left: 40px;\"><span style=\"color: #000000;\">\u25cf Wir f\u00fchren unsere Projekte nicht nur aus, sondern liefern und montieren sie auch am Bestimmungsort und das ohne zus\u00e4tzliche Kosten! Wenn du dich f\u00fcr eine Zusammenarbeit mit uns entscheidest, erh\u00e4ltst du unseren umfassenden Service. Du bereitest nur dein Projekt vor, wir \u00fcbernehmen den Rest!<\/span><\/h6>\n<h6 style=\"padding-left: 40px;\"><span style=\"color: #000000;\">\u25cf Unseren Partnern bieten wir zus\u00e4tzliche M\u00f6glichkeiten ihre Dienstleistungen zu bewerben und das in Zeitschriften f\u00fcr Inneneinrichtung und unseren sozialen Medien! Lasse dich finden und gewinne das Vertrauen neuer Kunden! Dadurch entfaltest du dein Gewerbe und erh\u00e4ltst die M\u00f6glichkeit gr\u00f6\u00dfere und interessantere Projekte durchzuf\u00fchren!<\/span><\/h6>\n<h6 style=\"padding-left: 40px;\"><span style=\"color: #000000;\">\u25cf Wir bieten \u00e4u\u00dferst vorteilhafte Finanzierungsm\u00f6glichkeiten, die dir bestimmt gefallen werden.<\/span><\/h6>\n<p>&nbsp;<\/p>\n<h6><strong><span style=\"color: #000000;\">M\u00f6chtest du Details zu einer Zusammenarbeit erhalten? Kontaktiere dich mit uns per E-Mail oder telefonisch! Gerne beantworten wir deine Fragen und vereinbaren ein Meeting in unserem B\u00fcro!<\/span><\/strong><\/h6>\n<p>[\/vc_column_text][vc_empty_space height=&#8220;100px&#8220;][\/vc_column][\/vc_row][vc_row row_content_width=&#8220;grid&#8220; content_text_aligment=&#8220;center&#8220;][vc_column offset=&#8220;vc_col-lg-offset-1 vc_col-lg-10&#8243;]<a itemprop=\"url\" href=\"\/de\/kontakt\" target=\"_self\"  class=\"qodef-btn qodef-btn-medium qodef-btn-solid\"  >\n\t        <span class=\"qodef-btn-text\">Kontakt<\/span>\n            <\/a>[\/vc_column][\/vc_row]<\/p>\n<\/div>","protected":false},"excerpt":{"rendered":"<p>[vc_row][vc_column][vc_column_text] Die Zusammenarbeit mit Architekten, Inneneinrichtern und Designb\u00fcros ist eine der wichtigsten Bestandteile unseres Angebots. Wir sind uns bewusst, dass man nur gemeinsam in der Zusammenarbeit mit ausgew\u00e4hlten, professionellen Partnern erfolgreich sein und die Zufriedenheit unserer Kunden gewinnen kann. &nbsp; Was bieten wir? \u25cf Unseren Partnern stellen wir Materialmuster und [&hellip;]<\/p>\n","protected":false},"author":7,"featured_media":0,"parent":0,"menu_order":0,"comment_status":"closed","ping_status":"closed","template":"","meta":{"footnotes":""},"class_list":["post-10376","page","type-page","status-publish","hentry"],"yoast_head":"<!-- This site is optimized with the Yoast SEO plugin v25.8 - https:\/\/yoast.com\/wordpress\/plugins\/seo\/ -->\n<title>F\u00fcr Architekten | Wroc\u0142aw, Warszawa - Marito<\/title>\n<meta name=\"description\" content=\"Marito \u27a4 F\u00fcr Architekten \u2714\ufe0f Kompleksowe wykonanie \u2714\ufe0f Nowoczesne realizacje \u2b50 Sprawd\u017a!\" \/>\n<meta name=\"robots\" content=\"index, follow, max-snippet:-1, max-image-preview:large, max-video-preview:-1\" \/>\n<link rel=\"canonical\" href=\"https:\/\/marito.pl\/de\/fuer-architekten\/\" \/>\n<meta property=\"og:locale\" content=\"de_DE\" \/>\n<meta property=\"og:type\" content=\"article\" \/>\n<meta property=\"og:title\" content=\"F\u00fcr Architekten | Wroc\u0142aw, Warszawa - Marito\" \/>\n<meta property=\"og:description\" content=\"Marito \u27a4 F\u00fcr Architekten \u2714\ufe0f Kompleksowe wykonanie \u2714\ufe0f Nowoczesne realizacje \u2b50 Sprawd\u017a!\" \/>\n<meta property=\"og:url\" content=\"https:\/\/marito.pl\/de\/fuer-architekten\/\" \/>\n<meta property=\"og:site_name\" content=\"Meble na wymiar i na zam\u00f3wienie - Marito\" \/>\n<meta property=\"article:modified_time\" content=\"2023-01-30T21:38:30+00:00\" \/>\n<meta name=\"twitter:card\" content=\"summary_large_image\" \/>\n<meta name=\"twitter:label1\" content=\"Gesch\u00e4tzte Lesezeit\" \/>\n\t<meta name=\"twitter:data1\" content=\"3\u00a0Minuten\" \/>\n<script type=\"application\/ld+json\" class=\"yoast-schema-graph\">{\"@context\":\"https:\/\/schema.org\",\"@graph\":[{\"@type\":\"WebPage\",\"@id\":\"https:\/\/marito.pl\/de\/fuer-architekten\/\",\"url\":\"https:\/\/marito.pl\/de\/fuer-architekten\/\",\"name\":\"F\u00fcr Architekten | Wroc\u0142aw, Warszawa - Marito\",\"isPartOf\":{\"@id\":\"https:\/\/marito.pl\/de\/#website\"},\"datePublished\":\"2022-12-19T21:07:47+00:00\",\"dateModified\":\"2023-01-30T21:38:30+00:00\",\"description\":\"Marito \u27a4 F\u00fcr Architekten \u2714\ufe0f Kompleksowe wykonanie \u2714\ufe0f Nowoczesne realizacje \u2b50 Sprawd\u017a!\",\"breadcrumb\":{\"@id\":\"https:\/\/marito.pl\/de\/fuer-architekten\/#breadcrumb\"},\"inLanguage\":\"de\",\"potentialAction\":[{\"@type\":\"ReadAction\",\"target\":[\"https:\/\/marito.pl\/de\/fuer-architekten\/\"]}]},{\"@type\":\"BreadcrumbList\",\"@id\":\"https:\/\/marito.pl\/de\/fuer-architekten\/#breadcrumb\",\"itemListElement\":[{\"@type\":\"ListItem\",\"position\":1,\"name\":\"Strona g\u0142\u00f3wna\",\"item\":\"https:\/\/marito.pl\/de\/\"},{\"@type\":\"ListItem\",\"position\":2,\"name\":\"F\u00fcr Architekten\"}]},{\"@type\":\"WebSite\",\"@id\":\"https:\/\/marito.pl\/de\/#website\",\"url\":\"https:\/\/marito.pl\/de\/\",\"name\":\"MARITO Meble na Wymiar Warszawa\",\"description\":\"Meble na wymiar i zam\u00f3wienie bezpo\u015brednio od producenta. Solidny, pewny i sprawdzony wykonawca mebli na wymiar.\",\"alternateName\":\"MARITO\",\"potentialAction\":[{\"@type\":\"SearchAction\",\"target\":{\"@type\":\"EntryPoint\",\"urlTemplate\":\"https:\/\/marito.pl\/de\/?s={search_term_string}\"},\"query-input\":{\"@type\":\"PropertyValueSpecification\",\"valueRequired\":true,\"valueName\":\"search_term_string\"}}],\"inLanguage\":\"de\"}]}<\/script>\n<!-- \/ Yoast SEO plugin. -->","yoast_head_json":{"title":"F\u00fcr Architekten | Wroc\u0142aw, Warszawa - Marito","description":"Marito \u27a4 F\u00fcr Architekten \u2714\ufe0f Kompleksowe wykonanie \u2714\ufe0f Nowoczesne realizacje \u2b50 Sprawd\u017a!","robots":{"index":"index","follow":"follow","max-snippet":"max-snippet:-1","max-image-preview":"max-image-preview:large","max-video-preview":"max-video-preview:-1"},"canonical":"https:\/\/marito.pl\/de\/fuer-architekten\/","og_locale":"de_DE","og_type":"article","og_title":"F\u00fcr Architekten | Wroc\u0142aw, Warszawa - Marito","og_description":"Marito \u27a4 F\u00fcr Architekten \u2714\ufe0f Kompleksowe wykonanie \u2714\ufe0f Nowoczesne realizacje \u2b50 Sprawd\u017a!","og_url":"https:\/\/marito.pl\/de\/fuer-architekten\/","og_site_name":"Meble na wymiar i na zam\u00f3wienie - Marito","article_modified_time":"2023-01-30T21:38:30+00:00","twitter_card":"summary_large_image","twitter_misc":{"Gesch\u00e4tzte Lesezeit":"3\u00a0Minuten"},"schema":{"@context":"https:\/\/schema.org","@graph":[{"@type":"WebPage","@id":"https:\/\/marito.pl\/de\/fuer-architekten\/","url":"https:\/\/marito.pl\/de\/fuer-architekten\/","name":"F\u00fcr Architekten | Wroc\u0142aw, Warszawa - Marito","isPartOf":{"@id":"https:\/\/marito.pl\/de\/#website"},"datePublished":"2022-12-19T21:07:47+00:00","dateModified":"2023-01-30T21:38:30+00:00","description":"Marito \u27a4 F\u00fcr Architekten \u2714\ufe0f Kompleksowe wykonanie \u2714\ufe0f Nowoczesne realizacje \u2b50 Sprawd\u017a!","breadcrumb":{"@id":"https:\/\/marito.pl\/de\/fuer-architekten\/#breadcrumb"},"inLanguage":"de","potentialAction":[{"@type":"ReadAction","target":["https:\/\/marito.pl\/de\/fuer-architekten\/"]}]},{"@type":"BreadcrumbList","@id":"https:\/\/marito.pl\/de\/fuer-architekten\/#breadcrumb","itemListElement":[{"@type":"ListItem","position":1,"name":"Strona g\u0142\u00f3wna","item":"https:\/\/marito.pl\/de\/"},{"@type":"ListItem","position":2,"name":"F\u00fcr Architekten"}]},{"@type":"WebSite","@id":"https:\/\/marito.pl\/de\/#website","url":"https:\/\/marito.pl\/de\/","name":"MARITO Meble na Wymiar Warszawa","description":"Meble na wymiar i zam\u00f3wienie bezpo\u015brednio od producenta. Solidny, pewny i sprawdzony wykonawca mebli na wymiar.","alternateName":"MARITO","potentialAction":[{"@type":"SearchAction","target":{"@type":"EntryPoint","urlTemplate":"https:\/\/marito.pl\/de\/?s={search_term_string}"},"query-input":{"@type":"PropertyValueSpecification","valueRequired":true,"valueName":"search_term_string"}}],"inLanguage":"de"}]}},"_links":{"self":[{"href":"https:\/\/marito.pl\/de\/wp-json\/wp\/v2\/pages\/10376","targetHints":{"allow":["GET"]}}],"collection":[{"href":"https:\/\/marito.pl\/de\/wp-json\/wp\/v2\/pages"}],"about":[{"href":"https:\/\/marito.pl\/de\/wp-json\/wp\/v2\/types\/page"}],"author":[{"embeddable":true,"href":"https:\/\/marito.pl\/de\/wp-json\/wp\/v2\/users\/7"}],"replies":[{"embeddable":true,"href":"https:\/\/marito.pl\/de\/wp-json\/wp\/v2\/comments?post=10376"}],"version-history":[{"count":0,"href":"https:\/\/marito.pl\/de\/wp-json\/wp\/v2\/pages\/10376\/revisions"}],"wp:attachment":[{"href":"https:\/\/marito.pl\/de\/wp-json\/wp\/v2\/media?parent=10376"}],"curies":[{"name":"wp","href":"https:\/\/api.w.org\/{rel}","templated":true}]}}

Für Architekten

<div class="wpb-content-wrapper"><p>[vc_row][vc_column][vc_column_text]</p>
<h6><span style="color: #000000;">Die Zusammenarbeit mit Architekten, Inneneinrichtern und Designbüros ist eine der wichtigsten Bestandteile unseres Angebots. Wir sind uns bewusst, dass man nur gemeinsam in der Zusammenarbeit mit ausgewählten, professionellen Partnern erfolgreich sein und die Zufriedenheit unserer Kunden gewinnen kann.</span></h6>
<p>&nbsp;</p>
<h6><strong><span style="color: #000000;">Was bieten wir?</span></strong></h6>
<h6 style="padding-left: 40px;"><span style="color: #000000;">● Unseren Partnern stellen wir Materialmuster und Verarbeitungsmuster bereit. Dies vereinfacht die Durchführung des Projekts sowie die Dekoration zuhause bzw. in der Firma nach Kundenwunsch. Die Proben ermöglichen eine einfachere Auswahl der übrigen Dekoelemente – die Proben sind zudem hilfreich bei Kundenmeetings.</span></h6>
<h6 style="padding-left: 40px;"><span style="color: #000000;">● Wir unterstützen bei der Ausarbeitung von Projekten – wir besitzen 15 Jahre Branchenerfahrung, die wir unseren Partnern zur Verfügung stellen! Wir beraten und bieten geprüfte Lösungen an!</span></h6>
<h6 style="padding-left: 40px;"><span style="color: #000000;">● Wir garantieren kurzfristige Durchführungen. Details vereinbaren wir individuell, nachdem wir uns mit dem gesamten Projekt vertraut gemacht haben. Wir halten die im Vertrag angegebenen Fristen stets ein. Dank der Zusammenarbeit mit uns kannst du deshalb sicher sein, dass deine Kunden ihr Haus bzw. Büro termingerecht einrichten werden.</span></h6>
<h6 style="padding-left: 40px;"><span style="color: #000000;">● Wir bilden uns kontinuierlich weiter, daher kannst du deinen Kunden innovative Lösungen anbieten, die deine Konkurrenz auf der Strecke lassen. Gerne schaffen wir für dich Möbel und moderne Inneneinrichtung, die nirgendwo sonst erhältlich sind! Wir setzen der Kreativität unserer Partner keine Grenzen – wir stimmen uns auf deine Kreativität ein.</span></h6>
<h6 style="padding-left: 40px;"><span style="color: #000000;">● Wir bieten eine umfassende Projektumsetzung. Bei uns gibt es keine Unterauftragnehmer, weder bei Polstermöbeln noch bei Elementen aus Stahl, Glas, Beton oder Stein. Du profitierst an der Zusammenarbeit mit nur einem Unternehmen (Marito) – dadurch sparst du dir viel Zeit und Geld! Zudem kannst du der Qualität der gelieferten Elemente sicher sein.</span></h6>
<h6 style="padding-left: 40px;"><span style="color: #000000;">● Wir verarbeiten nur qualitativ hochwertige Materialien, für die wir garantieren können. Wir verwenden zertifizierte Lacke (die für Kinder geeignet sind) und basieren auf den Systemen von Blum, Peka, Hettich und den Platten von Egger. Alles das führt dazu, dass wir Möbel anbieten können, die über Jahre funktional bleiben und ihre Schönheit beibehalten.</span></h6>
<h6 style="padding-left: 40px;"><span style="color: #000000;">● Wir führen unsere Projekte nicht nur aus, sondern liefern und montieren sie auch am Bestimmungsort und das ohne zusätzliche Kosten! Wenn du dich für eine Zusammenarbeit mit uns entscheidest, erhältst du unseren umfassenden Service. Du bereitest nur dein Projekt vor, wir übernehmen den Rest!</span></h6>
<h6 style="padding-left: 40px;"><span style="color: #000000;">● Unseren Partnern bieten wir zusätzliche Möglichkeiten ihre Dienstleistungen zu bewerben und das in Zeitschriften für Inneneinrichtung und unseren sozialen Medien! Lasse dich finden und gewinne das Vertrauen neuer Kunden! Dadurch entfaltest du dein Gewerbe und erhältst die Möglichkeit größere und interessantere Projekte durchzuführen!</span></h6>
<h6 style="padding-left: 40px;"><span style="color: #000000;">● Wir bieten äußerst vorteilhafte Finanzierungsmöglichkeiten, die dir bestimmt gefallen werden.</span></h6>
<p>&nbsp;</p>
<h6><strong><span style="color: #000000;">Möchtest du Details zu einer Zusammenarbeit erhalten? Kontaktiere dich mit uns per E-Mail oder telefonisch! Gerne beantworten wir deine Fragen und vereinbaren ein Meeting in unserem Büro!</span></strong></h6>
<p>[/vc_column_text][vc_empty_space height=&#8220;100px&#8220;][/vc_column][/vc_row][vc_row row_content_width=&#8220;grid&#8220; content_text_aligment=&#8220;center&#8220;][vc_column offset=&#8220;vc_col-lg-offset-1 vc_col-lg-10&#8243;]<a itemprop="url" href="/de/kontakt" target="_self"  class="qodef-btn qodef-btn-medium qodef-btn-solid"  >
	        <span class="qodef-btn-text">Kontakt</span>
            </a>[/vc_column][/vc_row]</p>
</div>

<p>[vc_row][vc_column][vc_column_text] Die Zusammenarbeit mit Architekten, Inneneinrichtern und Designbüros ist eine der wichtigsten Bestandteile unseres Angebots. Wir sind uns bewusst, dass man nur gemeinsam in der Zusammenarbeit mit ausgewählten, professionellen Partnern erfolgreich sein und die Zufriedenheit unserer Kunden gewinnen kann. &nbsp; Was bieten wir? ● Unseren Partnern stellen wir Materialmuster und [&hellip;]</p>

<!-- This site is optimized with the Yoast SEO plugin v25.8 - https://yoast.com/wordpress/plugins/seo/ -->
<title>Für Architekten | Wrocław, Warszawa - Marito</title>
<meta name="description" content="Marito ➤ Für Architekten ✔️ Kompleksowe wykonanie ✔️ Nowoczesne realizacje ⭐ Sprawdź!" />
<meta name="robots" content="index, follow, max-snippet:-1, max-image-preview:large, max-video-preview:-1" />
<link rel="canonical" href="https://marito.pl/de/fuer-architekten/" />
<meta property="og:locale" content="de_DE" />
<meta property="og:type" content="article" />
<meta property="og:title" content="Für Architekten | Wrocław, Warszawa - Marito" />
<meta property="og:description" content="Marito ➤ Für Architekten ✔️ Kompleksowe wykonanie ✔️ Nowoczesne realizacje ⭐ Sprawdź!" />
<meta property="og:url" content="https://marito.pl/de/fuer-architekten/" />
<meta property="og:site_name" content="Meble na wymiar i na zamówienie - Marito" />
<meta property="article:modified_time" content="2023-01-30T21:38:30+00:00" />
<meta name="twitter:card" content="summary_large_image" />
<meta name="twitter:label1" content="Geschätzte Lesezeit" />
	<meta name="twitter:data1" content="3 Minuten" />
<script type="application/ld+json" class="yoast-schema-graph">{"@context":"https://schema.org","@graph":[{"@type":"WebPage","@id":"https://marito.pl/de/fuer-architekten/","url":"https://marito.pl/de/fuer-architekten/","name":"Für Architekten | Wrocław, Warszawa - Marito","isPartOf":{"@id":"https://marito.pl/de/#website"},"datePublished":"2022-12-19T21:07:47+00:00","dateModified":"2023-01-30T21:38:30+00:00","description":"Marito ➤ Für Architekten ✔️ Kompleksowe wykonanie ✔️ Nowoczesne realizacje ⭐ Sprawdź!","breadcrumb":{"@id":"https://marito.pl/de/fuer-architekten/#breadcrumb"},"inLanguage":"de","potentialAction":[{"@type":"ReadAction","target":["https://marito.pl/de/fuer-architekten/"]}]},{"@type":"BreadcrumbList","@id":"https://marito.pl/de/fuer-architekten/#breadcrumb","itemListElement":[{"@type":"ListItem","position":1,"name":"Strona główna","item":"https://marito.pl/de/"},{"@type":"ListItem","position":2,"name":"Für Architekten"}]},{"@type":"WebSite","@id":"https://marito.pl/de/#website","url":"https://marito.pl/de/","name":"MARITO Meble na Wymiar Warszawa","description":"Meble na wymiar i zamówienie bezpośrednio od producenta. Solidny, pewny i sprawdzony wykonawca mebli na wymiar.","alternateName":"MARITO","potentialAction":[{"@type":"SearchAction","target":{"@type":"EntryPoint","urlTemplate":"https://marito.pl/de/?s={search_term_string}"},"query-input":{"@type":"PropertyValueSpecification","valueRequired":true,"valueName":"search_term_string"}}],"inLanguage":"de"}]}</script>
<!-- / Yoast SEO plugin. -->

Für Architekten | Wrocław, Warszawa - Marito

Marito ➤ Für Architekten ✔️ Kompleksowe wykonanie ✔️ Nowoczesne realizacje ⭐ Sprawdź!

Meble na wymiar i na zamówienie - Marito

Strona główna

Meble na wymiar i zamówienie bezpośrednio od producenta. Solidny, pewny i sprawdzony wykonawca mebli na wymiar.
